t is the remainder when 41773092 is divided by 6962170?
72
Calculate the remainder when 3339959 is divided by 333959.
369
What is the remainder when 267969119 is divided by 1720?
1719
Calculate the remainder when 8462550 is divided by 499.
9
Calculate the remainder when 334990165 is divided by 45.
40
Calculate the remainder when 10238799 is divided by 535.
504
Calculate the remainder when 109523294 is divided by 304.
302
What is the remainder when 97944 is divided by 32644?
12
What is the remainder when 631477 is divided by 145?
2
Calculate the remainder when 24188 is divided by 221.
99
Calculate the remainder when 11762407 is divided by 6194.
1
What is the remainder when 12924 is divided by 52?
28
What is the remainder when 267437 is divided by 85373?
11318
Calculate the remainder when 16247622 is divided by 14784.
6
What is the remainder when 22115 is divided by 175?
65
What is the remainder when 20023 is divided by 9962?
99
Calculate the remainder when 170819 is divided by 13135.
64
Calculate the remainder when 1281723 is divided by 20647.
1609
Calculate the remainder when 6897833 is divided by 135251.
32
Calculate the remainder when 13854422 is divided by 54331.
17
Calculate the remainder when 1393908 is divided by 58055.
588
Calculate the remainder when 25945 is divided by 130.
75
Calculate the remainder when 2076183 is divided by 42.
39
Calculate the remainder when 299492939 is divided by 160414.
1
Calculate the remainder when 159783 is divided by 15723.
2553
Calculate the remainder when 22837 is divided by 254.
231
What is the remainder when 830292 is divided by 415096?
100
What is the remainder when 1142658 is divided by 580?
58
Calculate the remainder when 45199 is divided by 1197.
910
Calculate the remainder when 469583 is divided by 77.
37
Calculate the remainder when 3058552 is divided by 40242.
160
What is the remainder when 351182 is divided by 83?
9
Calculate the remainder when 464497318 is divided by 143.
142
What is the remainder when 382462 is divided by 37730?
5162
What is the remainder when 104340 is divided by 1860?
180
What is the remainder when 94647 is divided by 5562?
93
Calculate the remainder when 663065 is divided by 77.
18
What is the remainder when 1572682 is divided by 16382?
10
What is the remainder when 653895 is divided by 40834?
551
What is the remainder when 2614315 is divided by 10133?
1
Calculate the remainder when 7305580 is divided by 539.
513
Calculate the remainder when 34031 is divided by 4243.
87
Calculate the remainder when 3453397 is divided by 1512.
1501
Calculate the remainder when 23804839 is divided by 2890.
2799
What is the remainder when 342036 is divided by 610?
436
What is the remainder when 1868491 is divided by 622824?
19
What is the remainder when 1881443 is divided by 37?
30
Calculate the remainder when 51398010 is divided by 619253.
11
What is the remainder when 128009 is divided by 5348?
5005
What is the remainder when 346953695 is divided by 1539?
1535
Calculate the remainder when 24136308 is divided by 211722.
0
Calculate the remainder when 5722530 is divided by 3270.
30
Calculate the remainder when 212192 is divided by 146.
54
What is the remainder when 206738 is divided by 206656?
82
Calculate the remainder when 17078271 is divided by 304969.
7
Calculate the remainder when 1400273 is divided by 1425.
923
What is the remainder when 3633040 is divided by 66055?
15
Calculate the remainder when 19619328 is divided by 165.
3
Calculate the remainder when 884773 is divided by 25265.
498
Calculate the remainder when 152320 is divided by 89.
41
Calculate the remainder when 14232173 is divided by 4651.
113
Calculate the remainder when 343632 is divided by 174.
156
What is the remainder when 49115 is divided by 6062?
619
Calculate the remainder when 213796 is divided by 26707.
140
Calculate the remainder when 119181106 is divided by 26.
18
What is the remainder when 5694927 is divided by 210923?
6
Calculate the remainder when 6256825 is divided by 37.
14
Calculate the remainder when 132418711 is divided by 1038.
13
What is the remainder when 35352 is divided by 35049?
303
What is the remainder when 1826742 is divided by 304456?
6
Calculate the remainder when 929425 is divided by 232347.
37
What is the remainder when 30476743 is divided by 1207?
1200
What is the remainder when 579237 is divided by 115845?
12
What is the remainder when 91522 is divided by 5068?
298
What is the remainder when 161778545 is divided by 23?
18
Calculate the remainder when 116805 is divided by 10604.
161
What is the remainder when 1850352 is divided by 616753?
93
Calculate the remainder when 3838205 is divided by 36.
29
Calculate the remainder when 891102598 is divided by 1020.
1018
Calculate the remainder when 24431 is divided by 11120.
2191
What is the remainder when 5618166 is divided by 3?
0
What is the remainder when 30900 is divided by 2565?
120
Calculate the remainder when 8001 is divided by 239.
114
Calculate the remainder when 25623506 is divided by 124.
22
What is the remainder when 57581 is divided by 6104?
2645
What is the remainder when 163675874 is divided by 2830?
2824
What is the remainder when 261630 is divided by 18?
0
Calculate the remainder when 313420 is divided by 182.
16
Calculate the remainder when 963140 is divided by 2333.
1944
What is the remainder when 19464 is divided by 5455?
3099
What is the remainder when 120730 is divided by 1334?
670
What is the remainder when 31026605 is divided by 119333?
25
What is the remainder when 146843 is divided by 48942?
17
Calculate the remainder when 372673 is divided by 372245.
428
Calculate the remainder when 5298749 is divided by 91.
1
Calculate the remainder when 1693029 is divided by 524.
509
Calculate the remainder when 305467 is divided by 143.
19
Calculate the remainder when 33632817 is divided by 11210928.
33
Calculate the remainder when 10778399 is divided by 1797.
1790
What is the remainder when 19533 is divided by 4769?
457
Calculate the remainder when 29861929 is divided by 136.
1
Calculate the remainder when 347946 is divided by 514.
482
Calculate the remainder when 589049 is divided by 935.
934
Calculate the remainder when 3405195 is divided by 1702590.
15
What is the remainder when 31202 is divided by 21865?
9337
What is the remainder when 1351997 is divided by 160?
157
Calculate the remainder when 504078 is divided by 17724.
7806
What is the remainder when 188437 is divided by 1163?
31
What is the remainder when 5504395 is divided by 197?
18
Calculate the remainder when 315871 is divided by 13157.
103
Calculate the remainder when 118237 is divided by 5365.
207
Calculate the remainder when 571392 is divided by 255.
192
What is the remainder when 1027574 is divided by 49?
44
What is the remainder when 487961 is divided by 38?
3
Calculate the remainder when 26587462 is divided by 1249.
1248
What is the remainder when 523543 is divided by 2?
1
What is the remainder when 5601911 is divided by 5601816?
95
What is the remainder when 802492 is divided by 400965?
562
Calculate the remainder when 168964 is divided by 75.
64
Calculate the remainder when 5421413 is divided by 1780.
1313
What is the remainder when 489981 is divided by 32?
29
Calculate the remainder when 633863 is divided by 55.
43
What is the remainder when 4099517 is divided by 2785?
2782
Calculate the remainder when 16955883 is divided by 1.
0
Calculate the remainder when 1483546 is divided by 4522.
330
Calculate the remainder when 4238584 is divided by 34742.
60
Calculate the remainder when 479909539 is divided by 649.
648
What is the remainder when 7926 is divided by 7758?
168
What is the remainder when 5511765 is divided by 1414?
1407
Calculate the remainder when 1502845 is divided by 5680.
3325
Calculate the remainder when 760825 is divided by 851.
31
Calculate the remainder when 231964 is divided by 85.
84
What is the remainder when 1880667 is divided by 40000?
667
What is the remainder when 942993 is divided by 14967?
72
Calculate the remainder when 2239007 is divided by 892.
87
What is the remainder when 38079189 is divided by 4955?
14
Calculate the remainder when 755551 is divided by 255.
241
Calculate the remainder when 1532639 is divided by 1979.
893
Calculate the re